t is -10100111 - 101010011110?
-101101000101
In base 8, what is -6635376 - -4?
-6635372
In base 9, what is 7 - -1873?
1881
In base 5, what is -1202 + 2?
-1200
In base 6, what is 121550 + -100?
121450
In base 8, what is -1102 + 436?
-444
In base 5, what is 12344 - 220?
12124
In base 14, what is 4 - 1ab7?
-1ab3
In base 9, what is -123463 - 2?
-123465
In base 2, what is 111001101101 + 101001?
111010010110
In base 13, what is -3 + -2b5b26?
-2b5b29
In base 10, what is 2 - 109509?
-109507
In base 5, what is 42104 - 301?
41303
In base 7, what is 4661 - 22?
4636
In base 15, what is -71 - -3a1e?
399d
In base 8, what is 116016 + 5?
116023
In base 4, what is -1223000 - 103?
-1223103
In base 9, what is 2 + -68820?
-68817
In base 13, what is -a3 + c2?
1c
In base 6, what is -1 - 13413431?
-13413432
In base 4, what is -203031 + 3?
-203022
In base 2, what is 11101 + -10101010001101?
-10101001110000
In base 2, what is 100110011001011 + -1?
100110011001010
In base 8, what is -402 - -2?
-400
In base 16, what is a - -fc?
106
In base 13, what is -10 + 142a?
141a
In base 3, what is 2222 - -110212?
120211
In base 16, what is -d2ff - -5?
-d2fa
In base 14, what is 1b4a4 + 1b?
1b4c1
In base 9, what is 3 + -1030488?
-1030485
In base 3, what is 2212 - 1001101100?
-1001021111
In base 11, what is -15 - a3460?
-a3475
In base 7, what is -125336 - 5?
-125344
In base 6, what is -4 + 5231053?
5231045
In base 2, what is -1000101011 + 10111100?
-101101111
In base 5, what is 311 + -14104?
-13243
In base 2, what is 100 - -100010010001100?
100010010010000
In base 5, what is 2422232 - 4?
2422223
In base 5, what is 4 + -333240?
-333231
In base 7, what is -63342 - 24?
-63366
In base 10, what is 4 - -14170?
14174
In base 16, what is 8 + 1b2b9?
1b2c1
In base 8, what is 11624014 + 3?
11624017
In base 11, what is -43 - 2849?
-2891
In base 10, what is 682 + -212?
470
In base 10, what is 26025 - -5?
26030
In base 15, what is 63 + -a?
58
In base 3, what is -12 + -211001210?
-211001222
In base 13, what is 8 + 236?
241
In base 13, what is -25 - 2595?
-25ba
In base 16, what is 19 - 19139?
-19120
In base 8, what is 762 + -62?
700
In base 6, what is 5322 + -11?
5311
In base 16, what is -30d7 + 7?
-30d0
In base 13, what is 3 - -3729?
372c
In base 3, what is -21 + -1012111220210?
-1012111221001
In base 12, what is -b0 + 17?
-95
In base 4, what is -123131011 + -12?
-123131023
In base 10, what is 25 - -7257?
7282
In base 15, what is -15 + 9b08?
9ae3
In base 2, what is -111101000010111 - 101?
-111101000011100
In base 13, what is -5031a + 6?
-50314
In base 14, what is -2082d + -3?
-20832
In base 3, what is 1122212221021 + 1?
1122212221022
In base 3, what is 12202210 - 1212110?
10220100
In base 9, what is 816 - 7765?
-6848
In base 7, what is -646 + -354?
-1333
In base 15, what is -190319 - 1?
-19031a
In base 11, what is 623a + -42?
61a8
In base 6, what is -1511 - 25?
-1540
In base 13, what is 1 + 322a0?
322a1
In base 4, what is -133230210 + -10?
-133230220
In base 7, what is -33620 - 160?
-34110
In base 16, what is 463740 + -2?
46373e
In base 10, what is 2 + 199922?
199924
In base 12, what is -45 + -4454?
-4499
In base 13, what is -87191 - 4?
-87195
In base 10, what is -213299 - 4?
-213303
In base 8, what is -1 - 2471637?
-2471640
In base 14, what is 14932 - 1b?
14915
In base 3, what is 11012112122110 - 11?
11012112122022
In base 14, what is -4196 + -a?
-41a2
In base 11, what is -69 + -175?
-233
In base 8, what is 10 - -11620?
11630
In base 14, what is -291a2c - 4?
-291a32
In base 8, what is 2620721 + 3?
2620724
In base 15, what is 107 + 350d?
3615
In base 8, what is -105662 - 1?
-105663
In base 8, what is -4 - 1046?
-1052
In base 2, what is -10001011 - -11100?
-1101111
In base 10, what is 213 + -279?
-66
In base 13, what is -1 - -16ca?
16c9
In base 9, what is 128 + -13547?
-13418
In base 3, what is 1000 - 1020011001?
-1020010001
In base 7, what is -61 - -2255?
2164
In base 9, what is 5 - 32101?
-32085
In base 5, what is 1 - -1031310?
1031311
In base 13, what is 47 + -703?
-689
In base 11, what is -161 + -113?
-274
In base 7, what is 15641010 - 5?
15641002
In base 5, what is -2124 - -34020?
31341
In base 12, what is -8a + -163?
-231
In base 10, what is -27 - -923?
896
In base 8, what is -142 + 37?
-103
In base 15, what is 9773 + -13?
9760
In base 3, what is 22 - 22012021200?
-22012021101
In base 5, what is 4300214 + 12?
4300231
In base 2, what is 11101111011111 + -100?
11101111011011
In base 4, what is 1332332331 + -11?
1332332320
In base 3, what is 101201100 + -2?
101201021
In base 2, what is -1011001100010001011 + 1110?
-1011001100001111101
In base 6, what is -55 - -14540?
14441
In base 16, what is -fb9 - -7?
-fb2
In base 11, what is -771822 - -3?
-77181a
In base 3, what is -20221 - -11100?
-2121
In base 8, what is -3 + 54067?
54064
In base 9, what is -205528 + -5?
-205534
In base 14, what is 371ca - 1?
371c9
In base 9, what is 3676715 + 5?
3676721
In base 15, what is -10 + -367c?
-368c
In base 2, what is 11 - -1011011101011?
1011011101110
In base 12, what is -1a + -306?
-324
In base 11, what is 935 - -42?
977
In base 12, what is 1 + 121b48?
121b49
In base 7, what is -1506461 + 16?
-1506442
In base 5, what is -1243243 + -14?
-1243312
In base 16, what is 21651 + -3?
2164e
In base 15, what is db + -dca?
-cde
In base 11, what is -9601 - 50?
-9651
In base 2, what is 1000010011000110000000 - -100?
1000010011000110000100
In base 5, what is 10112 + 2213?
12330
In base 6, what is -204 + -12152?
-12400
In base 7, what is 1626 + 513?
2442
In base 16, what is 1 + -1b2e0?
-1b2df
In base 10, what is 2 + -696?
-694
In base 14, what is 0 + 129d35?
129d35
In base 15, what is 226 - -44?
26a
In base 2, what is 100100100111000000001 + 101?
100100100111000000110
In base 8, what is 55 - 133642?
-133565
In base 4, what is 22 - -11220?
11302
In base 5, what is -1021 - -1014?
-2
In base 12, what is 0 - -485b8?
485b8
In base 2, what is 11011111110 - 110011110?
10101100000
In base 14, what is -a702a + 5?
-a7025
In base 14, what is -12 + 3448?
3436
In base 10, what is 2165 - 10?
2155
In base 8, what is -1126255 + 1?
-1126254
In base 15, what is -310308 + 1?
-310307
In base 11, what is -22a9 - -469?
-1940
In base 13, what is 3bc - 35?
387
In base 7, what is 20 - -151?
201
In base 2, what is -10101101111100100 + 0?
-10101101111100100
In base 5, what is 13 + -1310213?
-1310200
In base 8, what is -173 - -1114?
721
In base 2, what is 10011000010 + -10000110?
10000111100
In base 4, what is -131000120 + -3?
-131000123
In base 14, what is -58012 - 0?
-58012
In base 7, what is 4 + 32014?
32021
In base 9, what is -5001 + 10?
-4881
In base 9, what is -120 + 28768?
28648
In base 8, what is -460 + 755?
275
In base 5, what is 12410 + 3411?
21321
In base 15, what is 3c256 - -21?
3c277
In base 6, what is -11200 + 5?
-11151
In base 12, what is 3776 + 0?
3776
In base 8, what is 3 - 1516?
-1513
In base 14, what is 42 + 22?
64
In base 8, what is 14414 - -1630?
16244
In base 3, what is 10021020000 + -12?
10021012211
In base 15, what is -770a1e - -1?
-770a1d
In base 12, what is -947b1 + 4?
-947a9
In base 5, what is -1110 - 301224?
-302334
In base 8, what is -175 - -26150?
25753
In base 15, what is 701b3 - -2?
701b5
In base 13, what is 22 - -4b9?
50b
In base 6, what is -12444 + -24?
-12512
In base 10, what is 102 - -2319?
2421
In base 7, what is -4 + 23424?
23420
In base 3, what is -1 + -10122102021?
-10122102022
In base 9, what is -702 + -1245?
-2047
In base 7, what is 550315 - -10?
550325
In base 11, what is 408 + 2a?
437
In base 8, what is 713 - -26?
741
In base 11, what is -202 - 2a6a?
-3171
In base 3, what is -10 - -2?
-1
In base 4, what is 11 + -210123123?
-210123112
In base 11, what is a - -4111?
4120
In base 3, what is -2101100221 + 21?
-2101100200
In base 14, what is -c7c - 6?
-c84
In base 12, what is -15a86 - -40?
-15a46
In base 6, what is -1 - -200005?
200004
In base 4, what is -11000203332 - 1?
-11000203333
In base 4, what is 11 - -10311003?
10311020
In base 15, what is -cac67 + -3?
-cac6a
In base 10, what is -1970 + -47?
-2017
In base 15, what is a6 - 30?
76
In base 5, what is -11 - 1001432?
-1001443
In base 4, what is -20221313 - -2?
-20221311
In base 11, what is -145 - 27343?
-27488
In base 6, what is -31 + -330235?
-330310
In base